{"id":45,"date":"2009-10-19T22:31:02","date_gmt":"2009-10-19T20:31:02","guid":{"rendered":"https:\/\/sv-oberperfuss.at\/schi\/?page_id=45"},"modified":"2025-10-11T16:52:16","modified_gmt":"2025-10-11T14:52:16","slug":"vorstand","status":"publish","type":"page","link":"https:\/\/sv-oberperfuss.at\/schi\/vorstand\/","title":{"rendered":"VORSTAND"},"content":{"rendered":"<p>Periode 2025\/2026 bis 2027\/2028 (3&nbsp;Jahre)<\/p>\n<table style=\"height: 1004px;width: 500px\" border=\"0\">\n<tbody>\n<tr style=\"height: 156px\">\n<td style=\"width: 23.5537%;height: 156px\"><img loading=\"lazy\" class=\"alignnone wp-image-11225 size-full\" src=\"https:\/\/sv-oberperfuss.at\/schi\/files\/2016\/07\/imagemh.jpg\" alt=\"imagemh\" width=\"150\" height=\"150\"><\/td>\n<td style=\"width: 44.4478%;height: 156px\"><b>Obmann<\/b><br>\nManuel Hujara<br>\nKammerland 13, 6173 Oberperfuss<\/td>\n<\/tr>\n<tr style=\"height: 156px\">\n<td style=\"width: 23.5537%;height: 156px\"><img loading=\"lazy\" class=\"alignnone size-full wp-image-14038\" src=\"https:\/\/sv-oberperfuss.at\/schi\/files\/2019\/09\/086A5991.jpg\" alt width=\"150\" height=\"150\"><\/td>\n<td style=\"width: 44.4478%;height: 156px\"><strong>Obmann-Stellvertreter<\/strong><br>\nAlexander H\u00f6rtnagl<br>\nRiedl 18, 6173 Oberperfuss<br>\neMail: <a href=\"mailto:schi@sv-oberperfuss.at\" target=\"_blank\" rel=\"noopener noreferrer\">schi@sv-oberperfuss.at<\/a><\/td>\n<\/tr>\n<tr style=\"height: 156px\">\n<td style=\"width: 23.5537%;height: 156px\"><img loading=\"lazy\" class=\"alignnone size-full wp-image-14037\" src=\"https:\/\/sv-oberperfuss.at\/schi\/files\/2019\/09\/086A6070a.jpg\" alt width=\"150\" height=\"150\"><\/td>\n<td style=\"width: 44.4478%;height: 156px\"><b>Kassierin<\/b><br>\nSonja Schuster<br>\nKengelscheiben 15a, 6173 Oberperfuss<\/td>\n<\/tr>\n<tr style=\"height: 166px\">\n<td style=\"width: 23.5537%;height: 166px\"><span style=\"text-decoration: none\"><img loading=\"lazy\" class=\"alignleft size-thumbnail wp-image-3711\" src=\"https:\/\/sv-oberperfuss.at\/schi\/files\/2009\/10\/sabine-022-150x150.jpg\" alt width=\"150\" height=\"150\"><\/span><\/td>\n<td style=\"width: 44.4478%;height: 166px\"><b>Kassierin-Stellvertreterin<\/b><br>\nSabine Ostermann<br>\nM\u00fchlbachweg 40, 6175 Kematen<\/td>\n<\/tr>\n<tr style=\"height: 156px\">\n<td style=\"width: 23.5537%;height: 156px\"><img loading=\"lazy\" class=\"alignnone size-full wp-image-14036\" src=\"https:\/\/sv-oberperfuss.at\/schi\/files\/2019\/09\/086A6070.jpg\" alt width=\"150\" height=\"150\"><\/td>\n<td style=\"width: 44.4478%;height: 156px\"><b>Schriftf\u00fchrerin<\/b><br>\nMarie Kastner<br>\nV\u00f6lsesgasse 8a, 6173 Oberperfuss<\/td>\n<\/tr>\n<tr style=\"height: 156px\">\n<td style=\"width: 23.5537%;height: 156px\"><a href=\"https:\/\/sv-oberperfuss.at\/schi\/files\/2019\/09\/Unbenannt-1.jpg\"><img loading=\"lazy\" class=\"alignnone size-full wp-image-14041\" src=\"https:\/\/sv-oberperfuss.at\/schi\/files\/2019\/09\/Unbenannt-1.jpg\" alt width=\"150\" height=\"150\"><\/a><\/td>\n<td style=\"width: 44.4478%;height: 156px\"><strong>Beirat Alpin<br>\n<\/strong> Armin Triendl<br>\nAigen 8, 6173 Oberperfuss<\/td>\n<\/tr>\n<tr style=\"height: 24px\">\n<td style=\"width: 23.5537%;height: 24px\">&nbsp;\n<p>Rechnungspr\u00fcferin 1<\/p>\n<p>Rechnungspr\u00fcferin 2<\/p><\/td>\n<td style=\"width: 44.4478%;height: 24px\">&nbsp;\n<p>Maria H\u00f6rtnagl<\/p>\n<p>Ruth Lorenz<\/p><\/td>\n<\/tr>\n<\/tbody>\n<\/table>\n<p>&nbsp;<\/p>\n<p>ZVR-Zahl 173760537<br>\n<span style=\"text-decoration: underline\">Bankverbindung:<\/span><br>\nRaiffeisenbank Tirol Mitte West&nbsp;eGen<br>\nBankleitzahl 36.336<br>\nIBAN AT49 3633 6000 0172&nbsp;3618<br>\nBIC RZTIAT22336<\/p>\n","protected":false},"excerpt":{"rendered":"<p>Periode 2025\/2026 bis 2027\/2028 (3&nbsp;Jahre) Obmann Manuel Hujara Kammerland 13, 6173 Oberperfuss Obmann-Stellvertreter Alexander H\u00f6rtnagl Riedl 18, 6173 Oberperfuss eMail: schi@sv-oberperfuss.at Kassierin Sonja Schuster Kengelscheiben 15a, 6173 Oberperfuss Kassierin-Stellvertreterin Sabine Ostermann M\u00fchlbachweg 40, 6175 Kematen Schriftf\u00fchrerin Marie Kastner V\u00f6lsesgasse 8a, 6173 Oberperfuss Beirat Alpin Armin Triendl Aigen 8, 6173 Oberperfuss &nbsp; Rechnungspr\u00fcferin 1 Rechnungspr\u00fcferin 2&nbsp;[\u2026]<\/p>\n","protected":false},"author":11,"featured_media":0,"parent":0,"menu_order":7,"comment_status":"open","ping_status":"closed","template":"","meta":{"wp_typography_post_enhancements_disabled":false},"_links":{"self":[{"href":"https:\/\/sv-oberperfuss.at\/schi\/wp-json\/wp\/v2\/pages\/45"}],"collection":[{"href":"https:\/\/sv-oberperfuss.at\/schi\/wp-json\/wp\/v2\/pages"}],"about":[{"href":"https:\/\/sv-oberperfuss.at\/schi\/wp-json\/wp\/v2\/types\/page"}],"author":[{"embeddable":true,"href":"https:\/\/sv-oberperfuss.at\/schi\/wp-json\/wp\/v2\/users\/11"}],"replies":[{"embeddable":true,"href":"https:\/\/sv-oberperfuss.at\/schi\/wp-json\/wp\/v2\/comments?post=45"}],"version-history":[{"count":80,"href":"https:\/\/sv-oberperfuss.at\/schi\/wp-json\/wp\/v2\/pages\/45\/revisions"}],"predecessor-version":[{"id":16276,"href":"https:\/\/sv-oberperfuss.at\/schi\/wp-json\/wp\/v2\/pages\/45\/revisions\/16276"}],"wp:attachment":[{"href":"https:\/\/sv-oberperfuss.at\/schi\/wp-json\/wp\/v2\/media?parent=45"}],"curies":[{"name":"wp","href":"https:\/\/api.w.org\/{rel}","templated":true}]}}