{"id":14075,"date":"2019-09-21T15:49:52","date_gmt":"2019-09-21T13:49:52","guid":{"rendered":"https:\/\/sv-oberperfuss.at\/schi\/?page_id=14075"},"modified":"2021-08-25T20:39:15","modified_gmt":"2021-08-25T18:39:15","slug":"mitglied","status":"publish","type":"page","link":"https:\/\/sv-oberperfuss.at\/schi\/mitglied\/","title":{"rendered":"MITGLIED"},"content":{"rendered":"<p><strong><u>Mitglied beim SV Oberperfuss Schi<\/u><\/strong><\/p>\n<p>Wir freuen uns immer \u00fcber Zuwachs im Verein! Zur Unterst\u00fctzung gen\u00fcgen uns daf\u00fcr bereits Eure Kontaktdaten, sodass wir mit Euch in Verbindung treten k\u00f6nnen, egal ob zum Informationsaustausch oder anderen Vereinsaktivit\u00e4ten.<\/p>\n<p>Zus\u00e4tzlich bieten wir die M\u00f6glichkeit der \u00d6SV-Mitgliedschaft \u00fcber den SV Oberperfuss an. Dabei gibt es einen Versicherungsschutz \u00fcber das ganze Jahr und einige zus\u00e4tzliche Angebote (alle Infos &nbsp;dazu findet ihr hier: <a href=\"https:\/\/www.oesv.at\/mitglieder\/vorteile\/\" target=\"_blank\" rel=\"noopener noreferrer\">https:\/\/www.oesv.at\/mitglieder\/vorteile\/<\/a>)<\/p>\n<p><a href=\"https:\/\/sv-oberperfuss.at\/schi\/files\/2021\/08\/bild08-3.jpg\"><img loading=\"lazy\" class=\"alignnone size-full wp-image-14558\" src=\"https:\/\/sv-oberperfuss.at\/schi\/files\/2021\/08\/bild08-3.jpg\" alt width=\"500\" height=\"297\" srcset=\"https:\/\/sv-oberperfuss.at\/schi\/files\/2021\/08\/bild08-3.jpg 500w, https:\/\/sv-oberperfuss.at\/schi\/files\/2021\/08\/bild08-3-300x178.jpg 300w\" sizes=\"(max-width: 500px) 100vw, 500px\"><\/a><\/p>\n","protected":false},"excerpt":{"rendered":"<p>Mitglied beim SV Oberperfuss Schi Wir freuen uns immer \u00fcber Zuwachs im Verein! Zur Unterst\u00fctzung gen\u00fcgen uns daf\u00fcr bereits Eure Kontaktdaten, sodass wir mit Euch in Verbindung treten k\u00f6nnen, egal ob zum Informationsaustausch oder anderen Vereinsaktivit\u00e4ten. Zus\u00e4tzlich bieten wir die M\u00f6glichkeit der \u00d6SV-Mitgliedschaft \u00fcber den SV Oberperfuss an. Dabei gibt es einen Versicherungsschutz \u00fcber&nbsp;das&nbsp;[\u2026]<\/p>\n","protected":false},"author":38,"featured_media":0,"parent":0,"menu_order":10,"comment_status":"closed","ping_status":"closed","template":"","meta":{"wp_typography_post_enhancements_disabled":false},"_links":{"self":[{"href":"https:\/\/sv-oberperfuss.at\/schi\/wp-json\/wp\/v2\/pages\/14075"}],"collection":[{"href":"https:\/\/sv-oberperfuss.at\/schi\/wp-json\/wp\/v2\/pages"}],"about":[{"href":"https:\/\/sv-oberperfuss.at\/schi\/wp-json\/wp\/v2\/types\/page"}],"author":[{"embeddable":true,"href":"https:\/\/sv-oberperfuss.at\/schi\/wp-json\/wp\/v2\/users\/38"}],"replies":[{"embeddable":true,"href":"https:\/\/sv-oberperfuss.at\/schi\/wp-json\/wp\/v2\/comments?post=14075"}],"version-history":[{"count":3,"href":"https:\/\/sv-oberperfuss.at\/schi\/wp-json\/wp\/v2\/pages\/14075\/revisions"}],"predecessor-version":[{"id":14559,"href":"https:\/\/sv-oberperfuss.at\/schi\/wp-json\/wp\/v2\/pages\/14075\/revisions\/14559"}],"wp:attachment":[{"href":"https:\/\/sv-oberperfuss.at\/schi\/wp-json\/wp\/v2\/media?parent=14075"}],"curies":[{"name":"wp","href":"https:\/\/api.w.org\/{rel}","templated":true}]}}