{"id":9035,"date":"2016-03-31T19:41:37","date_gmt":"2016-03-31T17:41:37","guid":{"rendered":"https:\/\/sv-oberperfuss.at\/rad\/?page_id=9035"},"modified":"2026-04-23T20:12:14","modified_gmt":"2026-04-23T18:12:14","slug":"tourenplan","status":"publish","type":"page","link":"https:\/\/sv-oberperfuss.at\/rad\/tourenplan\/","title":{"rendered":"Tourenplan 2026"},"content":{"rendered":"<p><strong>Liebe Vereinsmitglieder und liebe Radsportbegeisterte,<\/strong><\/p>\n<p><strong>der Tourenplan f\u00fcr die Saison 2026 ist da! Wir freuen uns wieder sehr, wenn die gemeinsamen Ausfahrten genau so gro\u00dfen Anklang finden, wie in den vergangenen Saisonen. Auch soll bei diesen Touren die Kameradschaft und die gemeinsame Aktivit\u00e4t im Vordergrund stehen. Wir sind sicher, dass f\u00fcr jede(n) passende Ausfahrten dabei sind. Selbstverst\u00e4ndlich freuen wir uns, wenn wir bei unseren Touren auch wieder Freunde und G\u00e4ste begr\u00fc\u00dfen k\u00f6nnen. Jeder ist herzlich willkommen!<\/strong><\/p>\n<p><strong>&nbsp;<\/strong><strong>Euer Radclub Oberperfuss<\/strong><\/p>\n<div><\/div>\n<div class=\"post_content\"><strong>PS:<\/strong>&nbsp;<strong>Den Link zur Druckversion (PDF) findet ihr hier: <span style=\"color: #0000ff\"><a style=\"color: #0000ff\" href=\"https:\/\/sv-oberperfuss.at\/rad\/files\/2026\/03\/TOURENPLAN_-2026-Version.pdf\" target=\"_blank\" rel=\"noopener\">RCO TOURENPLAN-2026<\/a> <\/span><\/strong>(Achtung: in dieser PDF Version werden KEINE AKTUALISIERUNGEN eingepflegt)<\/div>\n<p>&nbsp;<\/p>\n<div class=\"post_content\">\n<h1><span style=\"color: #993366\">T O U R E N P L A N&nbsp; 2 0 2 6 f\u00fcr Rennrad und Mountainbike<\/span><\/h1>\n<\/div>\n<p>&nbsp;<\/p>\n<h2><span style=\"color: #ff0000\"><strong>Rennrad<\/strong><\/span><\/h2>\n<h2><span style=\"color: #ff0000\"><strong>Samstag,&nbsp;<\/strong> 11<strong>.04.2026:<\/strong><strong>&nbsp; Unser traditionelles \u201eEinradeln\u201c<\/strong><\/span><\/h2>\n<p><a href=\"https:\/\/sv-oberperfuss.at\/rad\/files\/2024\/03\/Locherboden.jpg\"><img loading=\"lazy\" class=\"alignnone wp-image-17245\" src=\"https:\/\/sv-oberperfuss.at\/rad\/files\/2024\/03\/Locherboden.jpg\" alt width=\"480\" height=\"431\" srcset=\"https:\/\/sv-oberperfuss.at\/rad\/files\/2024\/03\/Locherboden.jpg 633w, https:\/\/sv-oberperfuss.at\/rad\/files\/2024\/03\/Locherboden-300x269.jpg 300w\" sizes=\"(max-width: 480px) 100vw, 480px\"><\/a><\/p>\n<p><strong>Abfahrt: <\/strong>13:00 Uhr<\/p>\n<p><strong>Strecke:&nbsp;<\/strong>B\u00e4cker Ruetz \u2013 Telfs \u2013 (Haiming \u2013 Apfelweg) \u2013 M\u00f6tz \u2013 Locherboden \u2013 Mieming \u2013 Telfs \u2013 B\u00e4cker Ruetz (Cafe Einkehrschwung)<\/p>\n<p><strong>Tourenl\u00e4nge:&nbsp; &nbsp; &nbsp;<\/strong>60 \u2013 80&nbsp;KM<\/p>\n<p><strong>H\u00f6henmeter:&nbsp; &nbsp; &nbsp;<\/strong>580 HM<\/p>\n<p>&nbsp;<\/p>\n<hr>\n<h2><span style=\"color: #ff0000\"><strong>R<\/strong><strong>ennrad<\/strong><\/span><\/h2>\n<h2><strong><span style=\"color: #ff0000\">Samstag, 25.04.2026: Rund um die Salve und den Kaiser&nbsp; &nbsp;<\/span><\/strong><strong><span style=\"color: #ff0000\">&nbsp; &nbsp;<\/span><\/strong><\/h2>\n<p><a href=\"https:\/\/sv-oberperfuss.at\/rad\/files\/2026\/03\/Salve_Wilder-Kaiser.jpg\"><img loading=\"lazy\" class=\"alignnone wp-image-18535\" src=\"https:\/\/sv-oberperfuss.at\/rad\/files\/2026\/03\/Salve_Wilder-Kaiser.jpg\" alt width=\"480\" height=\"422\" srcset=\"https:\/\/sv-oberperfuss.at\/rad\/files\/2026\/03\/Salve_Wilder-Kaiser.jpg 650w, https:\/\/sv-oberperfuss.at\/rad\/files\/2026\/03\/Salve_Wilder-Kaiser-300x264.jpg 300w\" sizes=\"(max-width: 480px) 100vw, 480px\"><\/a><\/p>\n<p><strong>Abfahrt: <\/strong>08:30 Uhr (Branger Alm\/Unterperfuss) \u2013 mit KFZ bis Sportzentrum Kundl<\/p>\n<p><strong>Strecke: <\/strong>Kundl \u2013 W\u00f6rgl \u2013 Kirchbichl \u2013 Kufstein \u2013 Ebbs \u2013 Walchsee \u2013 Gasteig \u2013 St. Johann \u2013 Kirchberg \u2013 Westendorf \u2013 W\u00f6rgl \u2013&nbsp;Kundl<\/p>\n<p><strong>Tourenl\u00e4nge:<\/strong>&nbsp; &nbsp; &nbsp; &nbsp; &nbsp;115 KM<\/p>\n<p><strong>H\u00f6henmeter:<\/strong>&nbsp; &nbsp; &nbsp; &nbsp; &nbsp;900 HM<\/p>\n<p><strong>Tourguide: &nbsp;&nbsp;<\/strong>&nbsp; &nbsp; &nbsp; &nbsp; &nbsp;Othmar Gritsch | Klaus Haider<\/p>\n<p><strong>Link zur Tour:<\/strong> &nbsp;&nbsp; <span style=\"color: #0000ff\"><a style=\"color: #0000ff\" href=\"https:\/\/connect.garmin.com\/modern\/course\/440328514\" target=\"_blank\" rel=\"noopener\">Rund um die Salve und Kaiser<\/a> &nbsp;<\/span> &nbsp; (powered bei Garmin Connect)<\/p>\n<hr>\n<h2><span style=\"color: #0000ff\"><strong>Mountainbike<\/strong><strong> (\u201eE\u2011Bike freundlich\u201c)<\/strong><\/span><\/h2>\n<h2><span style=\"color: #0000ff\"><strong><span style=\"color: #0000ff\"><span style=\"color: #0000ff\">Samstag, 23.05.2026<\/span><\/span><span style=\"color: #0000ff\">:<\/span><\/strong><span style=\"color: #ff0000\"><span style=\"color: #0000ff\">&nbsp;<\/span>&nbsp; &nbsp;&nbsp; <span style=\"color: #0000ff\"><strong>Almindalm<\/strong><\/span><\/span><\/span><\/h2>\n<h2><span style=\"color: #0000ff\"><a href=\"https:\/\/sv-oberperfuss.at\/rad\/files\/2026\/03\/Almindalm.jpg\"><img loading=\"lazy\" class=\"alignnone wp-image-18539\" src=\"https:\/\/sv-oberperfuss.at\/rad\/files\/2026\/03\/Almindalm.jpg\" alt width=\"480\" height=\"470\" srcset=\"https:\/\/sv-oberperfuss.at\/rad\/files\/2026\/03\/Almindalm.jpg 562w, https:\/\/sv-oberperfuss.at\/rad\/files\/2026\/03\/Almindalm-300x294.jpg 300w\" sizes=\"(max-width: 480px) 100vw, 480px\"><\/a><\/span><\/h2>\n<p><strong>Abfahrt:&nbsp;<\/strong>08:30 Uhr MPREIS-Oberperfuss<\/p>\n<p><strong>Strecke: <\/strong>Oberperfuss \u2013 Au \u2013 Sellrain \u2013 Tanneben \u2013 Fotschertal \u2013 Almindalm (Einkehr) retour<\/p>\n<p><strong>Tourenl\u00e4nge:<\/strong>&nbsp; &nbsp; &nbsp; &nbsp; &nbsp; &nbsp; &nbsp;30 KM<\/p>\n<p><strong>H\u00f6henmeter: &nbsp;&nbsp;&nbsp;<\/strong> &nbsp;&nbsp;&nbsp;&nbsp;&nbsp;&nbsp;&nbsp; 1100 HM<\/p>\n<p><strong>Tourguide: &nbsp;&nbsp;<\/strong>&nbsp; &nbsp; &nbsp; &nbsp; &nbsp; &nbsp; &nbsp; &nbsp;Hans Riegler<\/p>\n<p><strong>&nbsp;<\/strong><\/p>\n<hr>\n<h2><span style=\"color: #ff0000\"><strong>Rennrad<\/strong><\/span><\/h2>\n<h2><span style=\"color: #ff0000\"><strong>Samstag, 06.06.2026:&nbsp; &nbsp; Stubaier Gletscher<\/strong><\/span><\/h2>\n<p><a href=\"https:\/\/sv-oberperfuss.at\/rad\/files\/2026\/03\/Stubaier-Gletscher.jpg\"><img loading=\"lazy\" class=\"alignnone wp-image-18537\" src=\"https:\/\/sv-oberperfuss.at\/rad\/files\/2026\/03\/Stubaier-Gletscher.jpg\" alt width=\"480\" height=\"442\" srcset=\"https:\/\/sv-oberperfuss.at\/rad\/files\/2026\/03\/Stubaier-Gletscher.jpg 657w, https:\/\/sv-oberperfuss.at\/rad\/files\/2026\/03\/Stubaier-Gletscher-300x276.jpg 300w\" sizes=\"(max-width: 480px) 100vw, 480px\"><\/a><\/p>\n<p><strong>Abfahrt:<\/strong> 08:00 Uhr B\u00e4cker Ruetz<\/p>\n<p><strong>Strecke: <\/strong>Kematen \u2013 Ibk \u2013 Berg Isel \u2013 Stefansbr\u00fccke \u2013 (Neuer Radweg) \u2013 Telfes \u2013 Fulpmes \u2013 Neustift \u2013 Ranalt \u2013 Stubaier Gletscher und retour<\/p>\n<p><strong>Tourenl\u00e4nge: <\/strong>&nbsp;&nbsp;&nbsp;&nbsp;&nbsp;&nbsp;&nbsp;&nbsp;&nbsp;&nbsp;&nbsp;&nbsp;&nbsp;&nbsp;&nbsp;&nbsp;&nbsp;&nbsp;&nbsp;&nbsp;&nbsp;&nbsp;&nbsp;&nbsp; 105 KM<\/p>\n<p><strong>H\u00f6henmeter:&nbsp;<\/strong> &nbsp;&nbsp;&nbsp;&nbsp;&nbsp;&nbsp;&nbsp;&nbsp;&nbsp;&nbsp;&nbsp;&nbsp;&nbsp;&nbsp;&nbsp;&nbsp;&nbsp;&nbsp;&nbsp;&nbsp;&nbsp;&nbsp;&nbsp; 1700 HM<\/p>\n<p><strong>Tourguide: &nbsp;&nbsp;&nbsp;&nbsp;&nbsp;<\/strong> &nbsp;&nbsp;&nbsp;&nbsp;&nbsp;&nbsp;&nbsp;&nbsp;&nbsp;&nbsp;&nbsp;&nbsp;&nbsp;&nbsp;&nbsp;&nbsp;&nbsp;&nbsp;&nbsp;&nbsp;&nbsp;&nbsp; Othmar Gritsch | Klaus Haider<\/p>\n<p><strong>Link zur Tour:&nbsp;<\/strong>&nbsp; &nbsp; &nbsp; &nbsp; &nbsp; &nbsp; &nbsp; &nbsp; &nbsp; &nbsp; <span style=\"color: #0000ff\">&nbsp; <a style=\"color: #0000ff\" href=\"https:\/\/connect.garmin.com\/modern\/course\/440314473\" target=\"_blank\" rel=\"noopener\">Stubaier Gletscher<\/a>&nbsp;&nbsp;<\/span>(powered bei Garmin Connect)<\/p>\n<p>&nbsp;<\/p>\n<hr>\n<p>&nbsp;<\/p>\n<h2><span style=\"color: #0000ff\"><strong>Mountainbike <\/strong><strong>&nbsp;(\u201eE\u2011Bike freundlich\u201c \u2014&nbsp; &nbsp; &nbsp; &nbsp; &nbsp; &nbsp; &nbsp; &nbsp; &nbsp; &nbsp; &nbsp; &nbsp; &nbsp; &nbsp; &nbsp; &nbsp; &nbsp; &nbsp; <\/strong><\/span><span style=\"color: #0000ff\"><strong>200m Schiebestrecke)<\/strong><\/span><\/h2>\n<h2><strong><span style=\"color: #0000ff\">Samstag, 18.07.2026: Verwalltal-Neue Heilbronner H\u00fctte<\/span><\/strong><\/h2>\n<p><a href=\"https:\/\/sv-oberperfuss.at\/rad\/files\/2026\/03\/Verwalltal.jpg\"><img loading=\"lazy\" class=\"alignnone wp-image-18538\" src=\"https:\/\/sv-oberperfuss.at\/rad\/files\/2026\/03\/Verwalltal.jpg\" alt width=\"480\" height=\"408\" srcset=\"https:\/\/sv-oberperfuss.at\/rad\/files\/2026\/03\/Verwalltal.jpg 732w, https:\/\/sv-oberperfuss.at\/rad\/files\/2026\/03\/Verwalltal-300x255.jpg 300w\" sizes=\"(max-width: 480px) 100vw, 480px\"><\/a><\/p>\n<p><strong>Abfahrt: <\/strong>07:30 Uhr MPREIS-Oberperfuss \/ mit KFZ bis Schnann (B\u00e4cker Ruetz)<\/p>\n<p><strong>Strecke: <\/strong>Schnann \u2013 St. Anton \u2013 Verwalltal \u2013 Heilbronner H\u00fctte \u2013 und retour<\/p>\n<p><strong>Tourenl\u00e4nge:&nbsp;&nbsp;<\/strong>&nbsp; &nbsp; &nbsp; &nbsp; &nbsp; &nbsp;60 KM<\/p>\n<p><strong>H\u00f6henmeter:<\/strong> &nbsp;&nbsp;&nbsp;&nbsp;&nbsp;&nbsp;&nbsp;&nbsp;&nbsp;&nbsp;&nbsp; 1300 HM<\/p>\n<p><strong>Tourguide: &nbsp;<\/strong>&nbsp; &nbsp; &nbsp; &nbsp; &nbsp; &nbsp; &nbsp; &nbsp;Rupert Altenhuber<\/p>\n<p>&nbsp;<\/p>\n<hr>\n<h2><span style=\"color: #ff0000\"><strong>R<\/strong><strong>ennrad<\/strong><\/span><\/h2>\n<h2><span style=\"color: #ff0000\"><strong>Samstag, 01.08.2026:&nbsp; &nbsp;Sella Ronda<\/strong><\/span><\/h2>\n<p><a href=\"https:\/\/sv-oberperfuss.at\/rad\/files\/2026\/03\/Sella-Ronda.jpg\"><img loading=\"lazy\" class=\"alignnone wp-image-18536\" src=\"https:\/\/sv-oberperfuss.at\/rad\/files\/2026\/03\/Sella-Ronda.jpg\" alt width=\"480\" height=\"421\" srcset=\"https:\/\/sv-oberperfuss.at\/rad\/files\/2026\/03\/Sella-Ronda.jpg 697w, https:\/\/sv-oberperfuss.at\/rad\/files\/2026\/03\/Sella-Ronda-300x263.jpg 300w\" sizes=\"(max-width: 480px) 100vw, 480px\"><\/a><\/p>\n<p><strong>Abfahrt:&nbsp;<\/strong>07:00 Uhr (Kematen\/B\u00e4cker Ruetz) \/ mit KFZ bis Wolkenstein (Saslong Parkplatz)<\/p>\n<p><strong>Strecke:&nbsp; <\/strong>Wolkenstein \u2013 Sella Joch \u2013 Pordoi Joch \u2013 Arabba \u2013 Compolongo \u2013 Corvara \u2013 Gr\u00f6dnerjoch \u2013 Wolkenstein<\/p>\n<p><strong>Tourenl\u00e4nge: &nbsp;<\/strong>&nbsp; &nbsp; &nbsp; &nbsp; &nbsp; &nbsp;70 KM<\/p>\n<p><strong>H\u00f6henmeter:<\/strong>&nbsp; &nbsp; &nbsp; &nbsp; &nbsp; &nbsp; &nbsp;2200 HM<\/p>\n<p><strong>Tourguide:<\/strong>&nbsp; &nbsp; &nbsp; &nbsp; &nbsp; &nbsp; &nbsp; &nbsp; &nbsp; Othmar Gritsch | Klaus Haider<\/p>\n<p><strong>Link zur Tour:&nbsp;<\/strong>&nbsp; &nbsp; &nbsp; &nbsp;&nbsp; &nbsp;<span style=\"color: #0000ff\"><a style=\"color: #0000ff\" href=\"https:\/\/connect.garmin.com\/modern\/course\/440343296\" target=\"_blank\" rel=\"noopener\">Sella Ronda<\/a>&nbsp; &nbsp; <\/span>(powered bei Garmin Connect)<\/p>\n<p>&nbsp;<\/p>\n<hr>\n<h2><span style=\"color: #ff0000\"><strong>Rennrad<\/strong><\/span><\/h2>\n<h2><span style=\"color: #ff0000\"><strong>Samstag, 08.+09. 08.2026:<\/strong> &nbsp; <strong>Ottis Damenausfahrt \u2014&nbsp; &nbsp; &nbsp; &nbsp; &nbsp; &nbsp; &nbsp; &nbsp; &nbsp; &nbsp; &nbsp; &nbsp; &nbsp; &nbsp; &nbsp; &nbsp; &nbsp; &nbsp; &nbsp; &nbsp; &nbsp; &nbsp; &nbsp; &nbsp; &nbsp; &nbsp; &nbsp; &nbsp; &nbsp; &nbsp; &nbsp; &nbsp; &nbsp; &nbsp; &nbsp; &nbsp; 2 Tage Bodensee<\/strong><\/span><\/h2>\n<p><a href=\"https:\/\/sv-oberperfuss.at\/rad\/files\/2026\/03\/Bodensee.jpg\"><img loading=\"lazy\" class=\"alignnone wp-image-18532\" src=\"https:\/\/sv-oberperfuss.at\/rad\/files\/2026\/03\/Bodensee.jpg\" alt width=\"480\" height=\"346\" srcset=\"https:\/\/sv-oberperfuss.at\/rad\/files\/2026\/03\/Bodensee.jpg 627w, https:\/\/sv-oberperfuss.at\/rad\/files\/2026\/03\/Bodensee-300x216.jpg 300w\" sizes=\"(max-width: 480px) 100vw, 480px\"><\/a><\/p>\n<p><b>DETAILS FOLGEN<\/b><\/p>\n<p><strong>Strecke: <\/strong>Rund um den Bodensee in 2&nbsp;Tagen<\/p>\n<p><strong>Tourenl\u00e4nge: &nbsp;<\/strong>&nbsp; &nbsp; &nbsp; &nbsp; &nbsp; &nbsp; &nbsp; 250 KM<\/p>\n<p><strong>H\u00f6henmeter:&nbsp;&nbsp;<\/strong>&nbsp; &nbsp; &nbsp; &nbsp; &nbsp; &nbsp; &nbsp; 1400 HM<\/p>\n<p><strong>Tourguide: <\/strong>&nbsp; &nbsp; &nbsp; &nbsp; &nbsp; &nbsp; &nbsp; &nbsp; &nbsp; &nbsp;Othmar Gritsch<\/p>\n<p>&nbsp;<\/p>\n<hr>\n<p>&nbsp;<\/p>\n<h2><span style=\"color: #0000ff\"><strong>Mountainbike<\/strong><strong> (\u201eE\u2011Bike freundlich\u201c)<\/strong><\/span><\/h2>\n<h2><span style=\"color: #0000ff\"><strong>Samstag, 22.08.2026:<\/strong> &nbsp; &nbsp; <strong>Oberbrunnalm \u2014 Scharnitz&nbsp;<\/strong><\/span><\/h2>\n<p><a href=\"https:\/\/sv-oberperfuss.at\/rad\/files\/2026\/03\/Oberbrunnalm.jpg\"><img loading=\"lazy\" class=\"alignnone wp-image-18534\" src=\"https:\/\/sv-oberperfuss.at\/rad\/files\/2026\/03\/Oberbrunnalm.jpg\" alt width=\"480\" height=\"473\" srcset=\"https:\/\/sv-oberperfuss.at\/rad\/files\/2026\/03\/Oberbrunnalm.jpg 640w, https:\/\/sv-oberperfuss.at\/rad\/files\/2026\/03\/Oberbrunnalm-300x295.jpg 300w\" sizes=\"(max-width: 480px) 100vw, 480px\"><\/a><\/p>\n<p><strong>Abfahrt:<\/strong>08:30 Uhr MPREIS-Oberperfuss \/ mit KFZ bis Reith bei Seefeld<\/p>\n<p><strong>Strecke:&nbsp;<\/strong>Reith b. Seefeld \u2013 Seefeld \u2013 Scharnitz \u2013 Oberbrunnalm \u2013 Gie\u00dfenbach \u2013 Seefeld \u2013 Reith b. Seefeld<\/p>\n<p><strong>Tourenl\u00e4nge:&nbsp; &nbsp; &nbsp; &nbsp; &nbsp; <\/strong>30 KM<\/p>\n<p><strong>H\u00f6henmeter:<\/strong>&nbsp; &nbsp; &nbsp; &nbsp; &nbsp; 950 HM<\/p>\n<p><strong>Tourguide:<\/strong>&nbsp; &nbsp; &nbsp; &nbsp; &nbsp; &nbsp; &nbsp; &nbsp;Hans Riegler<\/p>\n<p>&nbsp;<\/p>\n<hr>\n<h2><span style=\"color: #0000ff\"><strong>Mountainbike <\/strong><strong>(\u201eE\u2011Bike-freundlich\u201c)<\/strong><\/span><\/h2>\n<h2><span style=\"color: #0000ff\"><strong>Samstag, 05.09.2026:<\/strong> <\/span><span style=\"color: #0000ff\"><strong>&nbsp; &nbsp; Archbrand \u2014 Inzingeralm&nbsp;<\/strong><\/span><\/h2>\n<p><a href=\"https:\/\/sv-oberperfuss.at\/rad\/files\/2026\/03\/Inzinger-Alm.jpg\"><img loading=\"lazy\" class=\"alignnone wp-image-18533\" src=\"https:\/\/sv-oberperfuss.at\/rad\/files\/2026\/03\/Inzinger-Alm.jpg\" alt width=\"480\" height=\"453\" srcset=\"https:\/\/sv-oberperfuss.at\/rad\/files\/2026\/03\/Inzinger-Alm.jpg 650w, https:\/\/sv-oberperfuss.at\/rad\/files\/2026\/03\/Inzinger-Alm-300x283.jpg 300w\" sizes=\"(max-width: 480px) 100vw, 480px\"><\/a><\/p>\n<p><strong>Abfahrt: <\/strong>08:30 Uhr MPREIS-Oberperfuss<\/p>\n<p><strong>Strecke:&nbsp;<\/strong>Peter-Anich-Weg \u2013 Inzingerberg \u2013 Hof \u2013 Hattingerberg \u2013 Archbrand \u2013 Inzinger Alm \u2013 Hof \u2013 Peter-Anich-Weg retour<\/p>\n<p><strong>Tourenl\u00e4nge:&nbsp;<\/strong>&nbsp; &nbsp; &nbsp; &nbsp; &nbsp; &nbsp; &nbsp;35 KM<\/p>\n<p><strong>H\u00f6henmeter: &nbsp;<\/strong>&nbsp; &nbsp; &nbsp; &nbsp; &nbsp; &nbsp; 1300 HM<\/p>\n<p><strong>Tourguide: &nbsp;<\/strong>&nbsp; &nbsp; &nbsp; &nbsp; &nbsp; &nbsp; &nbsp; &nbsp; Rupert Altenhuber<\/p>\n<hr>\n<h2><span style=\"color: #0000ff\"><strong>Mountainbike<\/strong><\/span><\/h2>\n<h2><span style=\"color: #0000ff\"><strong>Samstag, 26.09.2026:&nbsp; &nbsp; Saisonabschluss auf der Rosskogelh\u00fctte \u2014 SONNENAUFGANGS-TOUR<\/strong><\/span><\/h2>\n<h2><span style=\"color: #0000ff\"><strong>Wir freuen uns auf einen gem\u00fctlichen Saisonausklang<\/strong><\/span><\/h2>\n<h2><strong>&nbsp; &nbsp;&nbsp;<\/strong><a href=\"https:\/\/sv-oberperfuss.at\/rad\/files\/2024\/03\/Rosskogelhuette.jpg\"><img loading=\"lazy\" class=\"alignnone wp-image-17243\" src=\"https:\/\/sv-oberperfuss.at\/rad\/files\/2024\/03\/Rosskogelhuette.jpg\" alt width=\"480\" height=\"417\" srcset=\"https:\/\/sv-oberperfuss.at\/rad\/files\/2024\/03\/Rosskogelhuette.jpg 710w, https:\/\/sv-oberperfuss.at\/rad\/files\/2024\/03\/Rosskogelhuette-300x261.jpg 300w\" sizes=\"(max-width: 480px) 100vw, 480px\"><\/a><\/h2>\n<p><strong>Ziel:<\/strong> Rosskogelh\u00fctte \/ Rangger K\u00f6pfl<\/p>\n<p>Gem\u00fctlicher Abschluss bei uns am Hausberg<\/p>\n<p>Dort lassen wir die Saison 2026 bei Speis und Trank, wie gewohnt, gem\u00fctlich ausklingen.<\/p>\n<p>Jeder ist willkommen und herzlich dazu eingeladen!<\/p>\n<p>&nbsp;<\/p>\n<hr>\n<div><\/div>\n<h2><strong>Grunds\u00e4tzliches:<\/strong><\/h2>\n<h3>Sofern nicht explizit anders ausgeschrieben gilt:<\/h3>\n<ul>\n<li>\n<h3>Treffpunkt bei den Rennradausfahrten ist der Parkplatz beim <b>B<\/b><b>\u00e4cker Ruetz in <\/b><b>Kematen<\/b>.<\/h3>\n<\/li>\n<li>\n<h3>Treffpunkt bei den Mountainbikeausfahrten ist der Parkplatz beim <b>MPREIS in Oberperfuss<\/b><b>.<\/b><\/h3>\n<\/li>\n<li>\n<h3>Bitte um P\u00fcnktlichkeit! Bei manchen Touren Anreise per PKW \u2013 Radtransport nicht vergessen!<\/h3>\n<\/li>\n<li>\n<h3>Bei Schlechtwetter wird die geplante Ausfahrt grunds\u00e4tzlich eine Woche sp\u00e4ter durchgef\u00fchrt.<\/h3>\n<h3><span style=\"color: #ff0000\">&nbsp;<\/span><\/h3>\n<\/li>\n<\/ul>\n<h2><span style=\"color: #99cc00\">DER RADCLUB OBERPERFUSS W\u00dcNSCHT ALLEN EINE UNFALLFREI RADSAISON 2026<\/span><\/h2>\n<p><img loading=\"lazy\" class=\"alignnone wp-image-7408 size-full\" src=\"https:\/\/sv-oberperfuss.at\/rad\/files\/2012\/02\/Logo.jpg\" alt=\"Logo\" width=\"334\" height=\"441\" srcset=\"https:\/\/sv-oberperfuss.at\/rad\/files\/2012\/02\/Logo.jpg 334w, https:\/\/sv-oberperfuss.at\/rad\/files\/2012\/02\/Logo-227x300.jpg 227w\" sizes=\"(max-width: 334px) 100vw, 334px\"><\/p>\n","protected":false},"excerpt":{"rendered":"<p>Liebe Vereinsmitglieder und liebe Radsportbegeisterte, der Tourenplan f\u00fcr die Saison 2026 ist da! Wir freuen uns wieder sehr, wenn die gemeinsamen Ausfahrten genau so gro\u00dfen Anklang finden, wie in den vergangenen Saisonen. Auch soll bei diesen Touren die Kameradschaft und die gemeinsame Aktivit\u00e4t im Vordergrund stehen. Wir sind sicher, dass f\u00fcr jede(n) passende Ausfahrten dabei&nbsp;[\u2026]<\/p>\n","protected":false},"author":30,"featured_media":0,"parent":0,"menu_order":0,"comment_status":"closed","ping_status":"closed","template":"","meta":{"wp_typography_post_enhancements_disabled":false},"_links":{"self":[{"href":"https:\/\/sv-oberperfuss.at\/rad\/wp-json\/wp\/v2\/pages\/9035"}],"collection":[{"href":"https:\/\/sv-oberperfuss.at\/rad\/wp-json\/wp\/v2\/pages"}],"about":[{"href":"https:\/\/sv-oberperfuss.at\/rad\/wp-json\/wp\/v2\/types\/page"}],"author":[{"embeddable":true,"href":"https:\/\/sv-oberperfuss.at\/rad\/wp-json\/wp\/v2\/users\/30"}],"replies":[{"embeddable":true,"href":"https:\/\/sv-oberperfuss.at\/rad\/wp-json\/wp\/v2\/comments?post=9035"}],"version-history":[{"count":580,"href":"https:\/\/sv-oberperfuss.at\/rad\/wp-json\/wp\/v2\/pages\/9035\/revisions"}],"predecessor-version":[{"id":18636,"href":"https:\/\/sv-oberperfuss.at\/rad\/wp-json\/wp\/v2\/pages\/9035\/revisions\/18636"}],"wp:attachment":[{"href":"https:\/\/sv-oberperfuss.at\/rad\/wp-json\/wp\/v2\/media?parent=9035"}],"curies":[{"name":"wp","href":"https:\/\/api.w.org\/{rel}","templated":true}]}}