{"id":6,"date":"2009-09-28T13:45:14","date_gmt":"2009-09-28T11:45:14","guid":{"rendered":"https:\/\/sv-oberperfuss.at\/rad\/?page_id=6"},"modified":"2023-07-13T21:09:08","modified_gmt":"2023-07-13T19:09:08","slug":"radboerse","status":"publish","type":"page","link":"https:\/\/sv-oberperfuss.at\/rad\/radboerse\/","title":{"rendered":"Radb\u00f6rsen"},"content":{"rendered":"<p>Falls jemand ein Fahrrad oder einen Fahrradzubeh\u00f6r verkaufen m\u00f6chte, bitte eine kurze Beschreibung bzw. ein Foto des zu Verkaufenden an&nbsp;<a href=\"mailto:rad@sv-oberperfuss.at\">rad@sv-oberperfuss.at<\/a>&nbsp;senden, damit der Artikel auf dieser Plattform ver\u00f6ffentlicht werden kann.<br>\n*************************************************<\/p>\n<p>&nbsp;<\/p>\n","protected":false},"excerpt":{"rendered":"<p>Falls jemand ein Fahrrad oder einen Fahrradzubeh\u00f6r verkaufen m\u00f6chte, bitte eine kurze Beschreibung bzw. ein Foto des zu Verkaufenden an&nbsp;rad@sv-oberperfuss.at&nbsp;senden, damit der Artikel auf dieser Plattform ver\u00f6ffentlicht werden kann.&nbsp;*************************************************&nbsp;<\/p>\n","protected":false},"author":1,"featured_media":0,"parent":0,"menu_order":7,"comment_status":"closed","ping_status":"closed","template":"","meta":{"wp_typography_post_enhancements_disabled":false},"_links":{"self":[{"href":"https:\/\/sv-oberperfuss.at\/rad\/wp-json\/wp\/v2\/pages\/6"}],"collection":[{"href":"https:\/\/sv-oberperfuss.at\/rad\/wp-json\/wp\/v2\/pages"}],"about":[{"href":"https:\/\/sv-oberperfuss.at\/rad\/wp-json\/wp\/v2\/types\/page"}],"author":[{"embeddable":true,"href":"https:\/\/sv-oberperfuss.at\/rad\/wp-json\/wp\/v2\/users\/1"}],"replies":[{"embeddable":true,"href":"https:\/\/sv-oberperfuss.at\/rad\/wp-json\/wp\/v2\/comments?post=6"}],"version-history":[{"count":31,"href":"https:\/\/sv-oberperfuss.at\/rad\/wp-json\/wp\/v2\/pages\/6\/revisions"}],"predecessor-version":[{"id":16886,"href":"https:\/\/sv-oberperfuss.at\/rad\/wp-json\/wp\/v2\/pages\/6\/revisions\/16886"}],"wp:attachment":[{"href":"https:\/\/sv-oberperfuss.at\/rad\/wp-json\/wp\/v2\/media?parent=6"}],"curies":[{"name":"wp","href":"https:\/\/api.w.org\/{rel}","templated":true}]}}

Radbörsen

<p>Falls jemand ein Fahrrad oder einen Fahrradzubehör verkaufen möchte, bitte eine kurze Beschreibung bzw. ein Foto des zu Verkaufenden an&nbsp;<a href="mailto:rad@sv-oberperfuss.at">rad@sv-oberperfuss.at</a>&nbsp;senden, damit der Artikel auf dieser Plattform veröffentlicht werden kann.<br>
*************************************************</p>
<p>&nbsp;</p>

<p>Falls jemand ein Fahrrad oder einen Fahrradzubehör verkaufen möchte, bitte eine kurze Beschreibung bzw. ein Foto des zu Verkaufenden an&nbsp;rad@sv-oberperfuss.at&nbsp;senden, damit der Artikel auf dieser Plattform veröffentlicht werden kann.&nbsp;*************************************************&nbsp;</p>
