{"id":195,"date":"2010-01-25T21:13:47","date_gmt":"2010-01-25T19:13:47","guid":{"rendered":"https:\/\/sv-oberperfuss.at\/rad\/?page_id=195"},"modified":"2025-12-31T17:58:43","modified_gmt":"2025-12-31T15:58:43","slug":"mitglieder","status":"publish","type":"page","link":"https:\/\/sv-oberperfuss.at\/rad\/mitglieder\/","title":{"rendered":"Mitglieder"},"content":{"rendered":"<p>Stand: Dezember 2025<\/p>\n<pre>Altenhuber Rupert             \nBaumann Josef                 \nBrantner Thomas               \nBrida Anton                   \nBusch Daniel                                \nErtl Verena\nF\u00f6rtsch Simon                 \nFritz Christian\nFritz Matthias               \nFritz Waltraud                \nGritsch Monika                \nGritsch Othmar                            \nGutheinz Andreas              \nHaider Klaus\nHaider Floriana                  \nHaider Simone\nHaider Valentina                \nHerburger Mario\nH\u00f6hn Manfred\nHuber Bernhard                \nHuber Silvia\nHueber Thomas                             \nHufnagl Gerhard                      \nJ\u00e4ger Heinz\nJ\u00e4kel Reinhard\nKlei\u00dfl Gabi                   \nKlei\u00dfl Hannes                 \nKofler Bernhard               \nKofler Markus\nKuen Manfred\nKuen Stefan                         \nLindenthaler Herbert          \nLorenz Horst                  \nLorenz Mateja                 \nMersa Reinhold                \nOberthaler Werner\nObex Engelbert\nOblasser Lukas\nPlunser Andreas\nPlunser Daniela\nPlunser Christof             \nPraxmarer Helmut              \nPregenzer Gerald                         \nRiegler Daniela\nRiegler Doris               \nRiegler Hans                  \nRiegler Hildegard             \nRuetz Andreas                 \nRuetz Johann                   \nR\u00fctzler Erich                 \nSchafferer Hermann\nSchmid Gerhard            \nSchmidinger Bernd             \nSchober Josef                 \nSenfter Franz\nSpiegl Claudia                 \nStefansson Linda                                      \nThurner Christina            \nTiefenbrunn Siegfried\nTrenkwalder Johann         \nTriendl Armin                 \nTriendl Gerhard               \nTriendl Hubert              \nTripold Franz                                        \nWeber Philipp\nWeber Wolfgang                 \nWegscheider Max             \nWegscheider Michael           \nWober Peter\nWober Sabine                   \nWolf Roland\nZangerl Andreas<\/pre>\n","protected":false},"excerpt":{"rendered":"<p>Stand: Dezember 2025 Altenhuber Rupert Baumann Josef Brantner Thomas Brida Anton Busch Daniel Ertl Verena F\u00f6rtsch Simon Fritz Christian Fritz Matthias Fritz Waltraud Gritsch Monika Gritsch Othmar Gutheinz Andreas Haider Klaus Haider Floriana Haider Simone Haider Valentina Herburger Mario H\u00f6hn Manfred Huber Bernhard Huber Silvia Hueber Thomas Hufnagl Gerhard J\u00e4ger Heinz J\u00e4kel Reinhard Klei\u00dfl Gabi&nbsp;[\u2026]<\/p>\n","protected":false},"author":30,"featured_media":0,"parent":0,"menu_order":4,"comment_status":"open","ping_status":"closed","template":"","meta":{"wp_typography_post_enhancements_disabled":false},"_links":{"self":[{"href":"https:\/\/sv-oberperfuss.at\/rad\/wp-json\/wp\/v2\/pages\/195"}],"collection":[{"href":"https:\/\/sv-oberperfuss.at\/rad\/wp-json\/wp\/v2\/pages"}],"about":[{"href":"https:\/\/sv-oberperfuss.at\/rad\/wp-json\/wp\/v2\/types\/page"}],"author":[{"embeddable":true,"href":"https:\/\/sv-oberperfuss.at\/rad\/wp-json\/wp\/v2\/users\/30"}],"replies":[{"embeddable":true,"href":"https:\/\/sv-oberperfuss.at\/rad\/wp-json\/wp\/v2\/comments?post=195"}],"version-history":[{"count":78,"href":"https:\/\/sv-oberperfuss.at\/rad\/wp-json\/wp\/v2\/pages\/195\/revisions"}],"predecessor-version":[{"id":18529,"href":"https:\/\/sv-oberperfuss.at\/rad\/wp-json\/wp\/v2\/pages\/195\/revisions\/18529"}],"wp:attachment":[{"href":"https:\/\/sv-oberperfuss.at\/rad\/wp-json\/wp\/v2\/media?parent=195"}],"curies":[{"name":"wp","href":"https:\/\/api.w.org\/{rel}","templated":true}]}}