{"id":5122,"date":"2019-07-09T20:51:40","date_gmt":"2019-07-09T18:51:40","guid":{"rendered":"https:\/\/sv-oberperfuss.at\/fussball\/?page_id=5122"},"modified":"2025-08-20T21:09:26","modified_gmt":"2025-08-20T19:09:26","slug":"vorstand-trainer","status":"publish","type":"page","link":"https:\/\/sv-oberperfuss.at\/fussball\/vorstand-trainer\/","title":{"rendered":"Vorstand &amp; Trainer"},"content":{"rendered":"\n<h2 class=\"has-medium-font-size\"><strong>Vorstand<\/strong><\/h2>\n<table style=\"border-collapse: collapse;width: 100%;height: 250px\" border=\"1\">\n<tbody>\n<tr style=\"height: 35px\">\n<td style=\"width: 33.333333%;height: 35px\"><strong>&nbsp;Funktion<\/strong><\/td>\n<td style=\"width: 33.333333%;height: 35px\"><strong>&nbsp;Name<\/strong><\/td>\n<td style=\"width: 33.333333%;height: 35px\"><strong>&nbsp;E\u2011Mail<\/strong><\/td>\n<\/tr>\n<tr style=\"height: 24px\">\n<td style=\"width: 33.333333%;height: 24px\">&nbsp;Obmann<\/td>\n<td style=\"width: 33.333333%;height: 24px\">&nbsp;Mathias Wegscheider<\/td>\n<td style=\"width: 33.333333%;height: 24px\">&nbsp;mathias.wegscheider@live.com<\/td>\n<\/tr>\n<tr style=\"height: 24px\">\n<td style=\"width: 33.333333%;height: 24px\">&nbsp;Obmann Stv.<\/td>\n<td style=\"width: 33.333333%;height: 24px\">&nbsp;Clemens Mair<\/td>\n<td style=\"width: 33.333333%;height: 24px\">&nbsp;clemensmair@gmx.at<\/td>\n<\/tr>\n<tr style=\"height: 24px\">\n<td style=\"width: 33.333333%;height: 24px\">&nbsp;Obmann Stv.&nbsp;<\/td>\n<td style=\"width: 33.333333%;height: 24px\">&nbsp;Helli Kirchmair<\/td>\n<td style=\"width: 33.333333%;height: 24px\">&nbsp;hellikirchmair66@gmail.com<\/td>\n<\/tr>\n<tr>\n<td style=\"width: 33.333333%\">&nbsp;Kassier<\/td>\n<td style=\"width: 33.333333%\">&nbsp;Andreas Sodja<\/td>\n<td style=\"width: 33.333333%\">andreassodja@gmail.com<\/td>\n<\/tr>\n<tr style=\"height: 37px\">\n<td style=\"width: 33.333333%;height: 37px\">&nbsp;Kassier Stv.&nbsp;<\/td>\n<td style=\"width: 33.333333%;height: 37px\">&nbsp;Christoph Pl\u00f6chl<\/td>\n<td style=\"width: 33.333333%;height: 37px\">&nbsp;chrisi.ploechl@gmx.at<\/td>\n<\/tr>\n<tr style=\"height: 10px\">\n<td style=\"width: 33.333333%;height: 10px\">&nbsp;Schriftf\u00fchrerin<\/td>\n<td style=\"width: 33.333333%;height: 10px\">&nbsp;Hannah Heis<\/td>\n<td style=\"width: 33.333333%;height: 10px\">&nbsp;0408.hannah@gmail.com<\/td>\n<\/tr>\n<tr style=\"height: 24px\">\n<td style=\"width: 33.333333%;height: 24px\">&nbsp;Schriftf\u00fchrerin Stv.<\/td>\n<td style=\"width: 33.333333%;height: 24px\">&nbsp;Vanessa Plunser<\/td>\n<td style=\"width: 33.333333%;height: 24px\">&nbsp;vanessa.plunser@icloud.com<\/td>\n<\/tr>\n<tr>\n<td style=\"width: 33.333333%\">&nbsp;Nachwuchsleiter<\/td>\n<td style=\"width: 33.333333%\">&nbsp;Hermann Plunser<\/td>\n<td style=\"width: 33.333333%\">hermann.plunser@gmx.at<\/td>\n<\/tr>\n<\/tbody>\n<\/table>\n<h2 class=\"has-medium-font-size\"><strong>Trainer<\/strong>\n\n<\/h2>\n<table style=\"border-collapse: collapse;width: 100%;height: 276px\" border=\"1\">\n<tbody>\n<tr style=\"height: 35px\">\n<td style=\"width: 12.894144144144146%;height: 35px\"><strong>&nbsp;Mannschaft<\/strong><\/td>\n<td style=\"width: 53.77252252252252%;height: 35px\"><strong>&nbsp;Trainer<\/strong><\/td>\n<\/tr>\n<tr style=\"height: 24px\">\n<td style=\"width: 12.8941%;height: 31px\">&nbsp; &nbsp;KM<\/td>\n<td style=\"width: 53.7725%;height: 31px\">\n<p style=\"text-align: left\">&nbsp; Lorenz Helmut<\/p>\n<p>&nbsp; Mersa Daniel bzw. Abfalterer Sandro<\/p>\n<\/td>\n<\/tr>\n<tr style=\"height: 24px\">\n<td style=\"width: 12.894144144144146%;height: 24px\">&nbsp; U 16<\/td>\n<td style=\"width: 53.77252252252252%;height: 24px\">\n<p>&nbsp;Hupfauf Christoph<\/p>\n<p>&nbsp; Meraner Michael, Rieser Thomas<\/p>\n<\/td>\n<\/tr>\n<tr style=\"height: 24px\">\n<td style=\"width: 12.894144144144146%;height: 24px\">&nbsp; &nbsp;U14<\/td>\n<td style=\"width: 53.77252252252252%;height: 24px\">\n<p>&nbsp; Matthias Schl\u00f6gl<\/p>\n<p>&nbsp;Hubert Niederbacher<\/p>\n<\/td>\n<\/tr>\n<tr style=\"height: 24px\">\n<td style=\"width: 12.894144144144146%;height: 24px\">&nbsp; U12 A<\/td>\n<td style=\"width: 53.77252252252252%;height: 24px\">\n<p>&nbsp; Thomas Altmann<\/p>\n<\/td>\n<\/tr>\n<tr style=\"height: 24px\">\n<td style=\"width: 12.894144144144146%;height: 24px\">&nbsp; U11 B<\/td>\n<td style=\"width: 53.77252252252252%;height: 24px\">\n<p>&nbsp; Martin Rubatscher<\/p>\n<p>&nbsp;<\/p>\n<\/td>\n<\/tr>\n<tr style=\"height: 24px\">\n<td style=\"width: 12.894144144144146%;height: 24px\">&nbsp; U10 C &amp;&nbsp;D<\/td>\n<td style=\"width: 53.77252252252252%;height: 24px\">\n<p>&nbsp; Spiegl Andreas<\/p>\n<p>&nbsp;<\/p>\n<\/td>\n<\/tr>\n<tr style=\"height: 24px\">\n<td style=\"width: 12.894144144144146%;height: 10px\">&nbsp; U9 C&nbsp;<\/td>\n<td style=\"width: 53.77252252252252%;height: 10px\">\n<p>&nbsp; Kuen Elmar<\/p>\n<p>&nbsp;<\/p>\n<\/td>\n<\/tr>\n<tr style=\"height: 24px\">\n<td style=\"width: 12.894144144144146%;height: 24px\">&nbsp; U7&nbsp;<\/td>\n<td style=\"width: 53.77252252252252%;height: 24px\">\n<p>&nbsp; Tiefenbrunn Siegfried<\/p>\n<p>&nbsp; Martha Marius, Klema Jonathan<\/p>\n<\/td>\n<\/tr>\n<tr style=\"height: 56px\">\n<td style=\"width: 12.894144%;height: 56px\">&nbsp;U6 Kindergarten<\/td>\n<td style=\"width: 53.772523%;height: 56px\">\n<p>&nbsp;Mair Clemens, Hupfauf Gregor, Morscher Christoph<\/p>\n<\/td>\n<\/tr>\n<\/tbody>\n<\/table>\n<p>&nbsp;<\/p>\n","protected":false},"excerpt":{"rendered":"<p>Vorstand &nbsp;Funktion &nbsp;Name &nbsp;E\u2011Mail &nbsp;Obmann &nbsp;Mathias Wegscheider &nbsp;mathias.wegscheider@live.com &nbsp;Obmann Stv. &nbsp;Clemens Mair &nbsp;clemensmair@gmx.at &nbsp;Obmann Stv.&nbsp; &nbsp;Helli Kirchmair &nbsp;hellikirchmair66@gmail.com &nbsp;Kassier &nbsp;Andreas Sodja andreassodja@gmail.com &nbsp;Kassier Stv.&nbsp; &nbsp;Christoph Pl\u00f6chl &nbsp;chrisi.ploechl@gmx.at &nbsp;Schriftf\u00fchrerin &nbsp;Hannah Heis &nbsp;0408.hannah@gmail.com &nbsp;Schriftf\u00fchrerin Stv. &nbsp;Vanessa Plunser &nbsp;vanessa.plunser@icloud.com &nbsp;Nachwuchsleiter &nbsp;Hermann Plunser hermann.plunser@gmx.at Trainer &nbsp;Mannschaft &nbsp;Trainer &nbsp; &nbsp;KM &nbsp; Lorenz Helmut &nbsp; Mersa Daniel bzw. Abfalterer Sandro&nbsp;[\u2026]<\/p>\n","protected":false},"author":41,"featured_media":0,"parent":0,"menu_order":2,"comment_status":"closed","ping_status":"closed","template":"","meta":{"wp_typography_post_enhancements_disabled":false},"_links":{"self":[{"href":"https:\/\/sv-oberperfuss.at\/fussball\/wp-json\/wp\/v2\/pages\/5122"}],"collection":[{"href":"https:\/\/sv-oberperfuss.at\/fussball\/wp-json\/wp\/v2\/pages"}],"about":[{"href":"https:\/\/sv-oberperfuss.at\/fussball\/wp-json\/wp\/v2\/types\/page"}],"author":[{"embeddable":true,"href":"https:\/\/sv-oberperfuss.at\/fussball\/wp-json\/wp\/v2\/users\/41"}],"replies":[{"embeddable":true,"href":"https:\/\/sv-oberperfuss.at\/fussball\/wp-json\/wp\/v2\/comments?post=5122"}],"version-history":[{"count":30,"href":"https:\/\/sv-oberperfuss.at\/fussball\/wp-json\/wp\/v2\/pages\/5122\/revisions"}],"predecessor-version":[{"id":5554,"href":"https:\/\/sv-oberperfuss.at\/fussball\/wp-json\/wp\/v2\/pages\/5122\/revisions\/5554"}],"wp:attachment":[{"href":"https:\/\/sv-oberperfuss.at\/fussball\/wp-json\/wp\/v2\/media?parent=5122"}],"curies":[{"name":"wp","href":"https:\/\/api.w.org\/{rel}","templated":true}]}}